s -24 - 3?
-31
In base 15, what is -ad1 - -3?
-acd
In base 13, what is -64 + 0?
-64
In base 7, what is 11 - 151?
-140
In base 16, what is -36 - 2c?
-62
In base 10, what is -44 + 2?
-42
In base 2, what is 1001 + -1100010001?
-1100001000
In base 7, what is -4 + 1042?
1035
In base 13, what is -70 - 135?
-1a5
In base 13, what is -b02 + 4?
-acb
In base 10, what is 1 - -204?
205
In base 6, what is -11 + -4553?
-5004
In base 13, what is -80 - -3?
-7a
In base 11, what is -4 + a?
6
In base 15, what is 405b + 3?
405e
In base 6, what is -1 + 210?
205
In base 5, what is 223 + -20?
203
In base 3, what is -200022 - -12?
-200010
In base 11, what is -5 + -3?
-8
In base 16, what is -29c5 - 4?
-29c9
In base 13, what is -1 - 582?
-583
In base 14, what is -5 - d?
-14
In base 2, what is 10011100111011 + -100?
10011100110111
In base 10, what is -121 - 5?
-126
In base 13, what is -1 + -76?
-77
In base 11, what is -2 - 562?
-564
In base 5, what is -4421 + -1?
-4422
In base 16, what is -2d - d?
-3a
In base 12, what is 64 - 13?
51
In base 7, what is 2 + -135?
-133
In base 3, what is 12 + 121?
210
In base 15, what is -29 + -1a?
-44
In base 16, what is 1 + b3?
b4
In base 14, what is 38d - 3?
38a
In base 9, what is -14 + 134?
120
In base 6, what is -303 + -255?
-1002
In base 5, what is -1 + -414?
-420
In base 4, what is -1103 - 12?
-1121
In base 13, what is -7 - -35?
2b
In base 6, what is -1 + 100314?
100313
In base 12, what is -12a + 74?
-76
In base 6, what is -1035 - -3?
-1032
In base 16, what is -7 + -32?
-39
In base 10, what is -11 + -247?
-258
In base 5, what is 33333 - 10?
33323
In base 5, what is 2200 + -4?
2141
In base 9, what is 203 - 36?
156
In base 14, what is -37 + 6?
-31
In base 12, what is -1 - 411?
-412
In base 10, what is 1 + -511?
-510
In base 5, what is 1 + 204?
210
In base 2, what is 100 - 11111101010?
-11111100110
In base 12, what is -261 - -b?
-252
In base 4, what is 111213 - 3?
111210
In base 15, what is 2d + 0?
2d
In base 7, what is 3 - 6?
-3
In base 4, what is -3 - -101?
32
In base 4, what is 2113310 + -3?
2113301
In base 7, what is -10 - -140?
130
In base 4, what is 1233122 + 10?
1233132
In base 5, what is -10 + -13?
-23
In base 9, what is -4 + 40?
35
In base 16, what is d + -8f?
-82
In base 11, what is 38 + 6?
43
In base 6, what is 0 + 140?
140
In base 16, what is -21d - -4?
-219
In base 14, what is -3 + -d4?
-d7
In base 10, what is 605 - -3?
608
In base 7, what is -3 + 11014?
11011
In base 10, what is -10 - -10?
0
In base 15, what is -80 + 2c?
-53
In base 9, what is 100 - 2?
87
In base 13, what is 0 + -327?
-327
In base 16, what is -171 + -1?
-172
In base 7, what is 120 - 21?
66
In base 3, what is 2 + -21?
-12
In base 2, what is 10110100 + -1010?
10101010
In base 7, what is -1 + -4566?
-4600
In base 9, what is -2 + -113?
-115
In base 7, what is 1024 + -3?
1021
In base 14, what is 6b + 2?
6d
In base 11, what is -11 - -58?
47
In base 13, what is 9 + 181?
18a
In base 11, what is -1a - 47?
-66
In base 2, what is 101 + 11101001?
11101110
In base 8, what is -134 + 10?
-124
In base 9, what is -4 + -606?
-611
In base 9, what is 11871 + 2?
11873
In base 12, what is -8 - 375?
-381
In base 10, what is -27 - 24?
-51
In base 7, what is -4 - -554?
550
In base 4, what is 3 + 3202?
3211
In base 14, what is -162 + 0?
-162
In base 12, what is -1a - -6?
-14
In base 6, what is 10224 + -5?
10215
In base 3, what is 2021 - -10021?
12112
In base 2, what is -100000000001101 - -11?
-100000000001010
In base 10, what is -39 + 47?
8
In base 10, what is 0 + 7895?
7895
In base 16, what is 4 + 0?
4
In base 13, what is 2 - -1919?
191b
In base 7, what is 10 + -216?
-206
In base 4, what is -31330 - -2?
-31322
In base 6, what is -5 + -4053?
-4102
In base 4, what is -1210 + -1202?
-3012
In base 13, what is 82 - 6?
79
In base 8, what is -161 + 157?
-2
In base 7, what is 2 + 101?
103
In base 7, what is 5 + 12?
20
In base 8, what is 3 + 315?
320
In base 9, what is 5 + 57?
63
In base 5, what is -10 + -44?
-104
In base 11, what is -43 + 0?
-43
In base 9, what is -27 + 1?
-26
In base 8, what is -143 + -5?
-150
In base 12, what is -5 + -2b?
-34
In base 3, what is -111222 - 20?
-112012
In base 2, what is 10000101000011 + 11?
10000101000110
In base 5, what is 42 - -3?
100
In base 13, what is 952 + 2?
954
In base 6, what is -1011 - 120?
-1131
In base 3, what is -20 + 12?
-1
In base 6, what is 31 + -110?
-35
In base 14, what is 0 - 60?
-60
In base 14, what is -1 - -c3?
c2
In base 8, what is -5043 - -3?
-5040
In base 15, what is 1db + a?
1e6
In base 12, what is 0 + 670?
670
In base 14, what is -3 + -159a?
-159d
In base 12, what is 7 - -18?
23
In base 2, what is 11111 - -101011?
1001010
In base 7, what is 4 - 163?
-156
In base 4, what is -312 + 2233?
1321
In base 7, what is -24 + 116?
62
In base 5, what is 32 - -222?
304
In base 16, what is -1 + 1c1?
1c0
In base 14, what is 2 + 94?
96
In base 7, what is -3 + 116?
113
In base 2, what is -100011 - 11010?
-111101
In base 8, what is 2 - 74?
-72
In base 9, what is -1 - 1?
-2
In base 3, what is -2 + -102?
-111
In base 16, what is -2 - b17?
-b19
In base 13, what is 1c + -36?
-17
In base 15, what is 31 + 10?
41
In base 2, what is -1100 - -1011?
-1
In base 16, what is -b2 + 3e?
-74
In base 8, what is -3 + 1405?
1402
In base 10, what is 13 - 20?
-7
In base 13, what is 6 - 5?
1
In base 3, what is 110021 + -2101?
100220
In base 7, what is -122 + 10?
-112
In base 4, what is -2 + 31?
23
In base 5, what is 21044 + -3?
21041
In base 12, what is 0 + -499?
-499
In base 5, what is -2 - 134?
-141
In base 9, what is -410 - -4?
-405
In base 13, what is -39 - 0?
-39
In base 11, what is -1408 - 4?
-1411
In base 4, what is -2033 - -11?
-2022
In base 4, what is -102 + 111?
3
In base 12, what is -17 - -4?
-13
In base 15, what is -3 + -9e7?
-9ea
In base 11, what is 2 - -41?
43
In base 9, what is -4 + 13?
8
In base 6, what is 11 - 44?
-33
In base 14, what is 1c + 9c?
ba
In base 13, what is 3 + 67?
6a
In base 7, what is -5243 - 4?
-5250
In base 2, what is 0 - 10010100?
-10010100
In base 2, what is -100 + 1111?
1011
In base 15, what is 5 - -19?
1e
In base 9, what is 83 + 7?
101
In base 4, what is -11 + -213?
-230
In base 14, what is -3 - -2118?
2115
In base 14, what is b0 + 5?
b5
In base 13, what is 68b + 1?
68c
In base 2, what is 10100 - -100110?
111010
In base 16, what is -2c7 - 2?
-2c9
In base 8, what is -12 + -27?
-41
In base 5, what is -4 + -30?
-34
In base 3, what is -10 - 200?
-210
In base 15, what is e6 - -1?
e7
In base 13, what is 273 + -2?
271
In base 7, what is -2 + -102?
-104
In base 15, what is 0 - -2c?
2c
In base 10, what is -7 - 1497?
-1504
In base 16, what is -2a + 4?
-26
In base 12, what is -18 + 132?
116
In base 3, what is -2211 - 20?
-10001
In base 13, what is 22 + -8?
17
In base 7, what is 4 - -31125?
31132
In base 8, what is 4 - -46?
52
In base 16, what is 763 + -3?
760
In base 7, what is -46 - -415?
336
In base 2, what is 10100001001010 - 1?
10100001001001
In base 16, what is -11 + -b5?
-c6
In base 3, what is -11 - -1121?
1110
In base 6, what is 0 + 13324?
13324
In base 10, what is 1 - -32?
33
In base 15, what is -9 - -c4?
ba
In base 6, what is -500 + 3?
-453
In base 14, what is 2 - -286?
288
In base 4, what is 330132 - -22?
330220
In base 10, what is -467 + -3?
-470
In base 3, what is 100102 + 0?
100102
In base 12, what is -7 + -12?
-19
In base 9, what is -10 - -52?
42
In base 6, what is 1035 + -10?
1025
In base 6, what is -235 + 112?
-123
In base 13, what is 1 + 408?
409
In base 16, what is -1 - -1b?
1a
In base 5, what is -103232 - -1?
-103231
In base 10, what is 4 + 0?
4
In base 13, what is 0 - 7a?
-7a
In base 11, what is 26 + 20?
46
In base 12, what is 4 + -199?
-195
In base 13, what is 1c1 + 5?
1c6
In base 3, what is 11112112 - -10?
11112122
In base 3, what is -1200 - -111221?
110021
In base 13, what is -3 - 4a?
-50
In base 2, what is -100 - 110011110?
-110100010
In base 3, what is -10 - -21002?
20222
In base 2, what is -10 + 10011?
10001
In base 3, what is -100222101 + 2?
-100222022
In base 15, what is -11 - 29?
-3a
In base 10, what is 4 - -3145?
3149
In base 2, what is 1011 + 10101000111?
10101010010
In base 2, what is -10010000 - 101001?
-10111001
In base 2, what is -10 + 1100110?
1100100
In base 6, what is -444 + 13?
-431
In base 9, what i